?
False
Is 268606333 composite?
False
Is 2524768999 composite?
True
Is 95816477 composite?
False
Is 1273692223 a composite number?
False
Is 2868193637 a composite number?
False
Is 38153829331 a prime number?
False
Is 380762029 prime?
False
Is 2085868597 composite?
True
Is 5904606263 composite?
False
Is 5149907509 a composite number?
False
Is 9731683597 composite?
True
Is 299219969 a composite number?
True
Is 94386409 composite?
True
Is 24094676401 a prime number?
True
Is 3114183973 composite?
True
Is 46314044947 a prime number?
False
Is 23175769189 a prime number?
False
Is 40289360894 a prime number?
False
Is 82334359 prime?
True
Is 2320280971 composite?
True
Is 45370879483 prime?
False
Is 4205830883 a composite number?
False
Is 34461292183 composite?
False
Is 33671045413 composite?
False
Is 1379319517 prime?
True
Is 1046712709 composite?
True
Is 6105775111 a composite number?
False
Is 824672081 prime?
True
Is 2858050441 composite?
False
Is 56188103513 a composite number?
True
Is 2604040333 a composite number?
True
Is 7872798613 composite?
True
Is 7171698595 a prime number?
False
Is 899538287 a prime number?
True
Is 180606094967 a prime number?
True
Is 84200683 prime?
False
Is 219265261 composite?
False
Is 34671085 prime?
False
Is 238846132453 prime?
False
Is 23775649987 prime?
False
Is 8191138447 prime?
True
Is 139864457 composite?
True
Is 4889533513 a composite number?
False
Is 87310433087 prime?
True
Is 3065730179 a prime number?
True
Is 1239636997 a prime number?
True
Is 23700543329 a composite number?
False
Is 82220681 a prime number?
True
Is 593539813 prime?
True
Is 27719599 a composite number?
True
Is 640379063 prime?
True
Is 4934322331 a prime number?
False
Is 9701449 composite?
True
Is 1745869933 a composite number?
False
Is 2664088073 prime?
False
Is 757282979 a composite number?
False
Is 126992527297 prime?
True
Is 812807689 a composite number?
True
Is 2808592643 a prime number?
False
Is 75830687 a composite number?
False
Is 261499867 a composite number?
False
Is 15277748905 a prime number?
False
Is 40206763639 a composite number?
True
Is 47628493091 a prime number?
True
Is 2818876213 a composite number?
True
Is 718267019 prime?
False
Is 22804343041 a prime number?
True
Is 261353689 composite?
False
Is 130620996889 a composite number?
False
Is 49718272091 a composite number?
False
Is 5212225859 prime?
True
Is 81598515799 prime?
True
Is 3922235929 a composite number?
False
Is 3834459491 a composite number?
False
Is 266651993 prime?
False
Is 3842878073 composite?
True
Is 67605859583 composite?
False
Is 1962579851 prime?
False
Is 4347797254 a prime number?
False
Is 959568359 a composite number?
False
Is 119786484577 a composite number?
False
Is 1007046977 composite?
False
Is 1587197879 a composite number?
False
Is 230517883127 prime?
False
Is 348400901 composite?
False
Is 2228911097 a prime number?
False
Is 6967980769 prime?
False
Is 78866316163 a composite number?
True
Is 8141615 prime?
False
Is 8733500599 composite?
False
Is 351250943 a composite number?
False
Is 5640686893 a composite number?
True
Is 644226197 a prime number?
False
Is 830558149 composite?
False
Is 65810274611 prime?
True
Is 659495197 composite?
False
Is 2431771201 prime?
True
Is 589095157 prime?
False
Is 4963714739 prime?
True
Is 893204717 a composite number?
True
Is 58041515863 a prime number?
True
Is 391239689 a prime number?
False
Is 4952348111 composite?
True
Is 7240021661 composite?
False
Is 93224147 composite?
False
Is 82816767257 composite?
True
Is 1444400041 prime?
False
Is 14501238641 prime?
False
Is 1127329309 composite?
True
Is 2444350541 composite?
False
Is 1225637477 prime?
False
Is 913413929 a composite number?
False
Is 773366323 composite?
False
Is 615473798477 a composite number?
False
Is 29234069 composite?
False
Is 580668433 a prime number?
False
Is 6987928399 a composite number?
False
Is 730926167 a composite number?
False
Is 3881557703 composite?
False
Is 27655094329 composite?
False
Is 2556872039 prime?
True
Is 20534489 a prime number?
True
Is 153568321 prime?
True
Is 3536061797 prime?
True
Is 21424808479 composite?
False
Is 3573622957 a composite number?
True
Is 223596889123 composite?
False
Is 1124286239 a composite number?
True
Is 401058257 a composite number?
False
Is 2347934647 a prime number?
True
Is 22537523 composite?
False
Is 1240066846 a prime number?
False
Is 5672375221 a prime number?
True
Is 1152384533 a prime number?
False
Is 1742002069 prime?
False
Is 1328371223 composite?
True
Is 325364713 composite?
False
Is 11531391679 a prime number?
True
Is 932630093 a composite number?
True
Is 24424211 composite?
True
Is 7524735559 prime?
False
Is 772933093 prime?
True
Is 2947666151 prime?
True
Is 215228981101 prime?
False
Is 3532252979 a composite number?
True
Is 685479517 a composite number?
False
Is 1862937103 composite?
True
Is 3337140077 prime?
True
Is 920124181 a prime number?
False
Is 30088335527 prime?
False
Is 13357737481 composite?
True
Is 140619163 a prime number?
False
Is 2039777603 composite?
False
Is 20799612887 prime?
True
Is 21981489353 prime?
False
Is 80926070921 a prime number?
False
Is 6344220451 a prime number?
False
Is 819637243 a composite number?
False
Is 1176626741 a composite number?
False
Is 1165724311 composite?
False
Is 2121132323 prime?
False
Is 104014076503 prime?
False
Is 7735873931 prime?
False
Is 36749114533 a prime number?
True
Is 18945211 a prime number?
False
Is 19631954707 prime?
False
Is 3253120451 a composite number?
True
Is 7958862907 a composite number?
True
Is 79202658891 composite?
True
Is 3684797 a prime number?
False
Is 1823076683 composite?
True
Is 1471329799 composite?
True
Is 1412727478 prime?
False
Is 99565121702 a composite number?
True
Is 4920812389 composite?
False
Is 21411443819 a prime number?
False
Is 5785156691 composite?
False
Is 37079527 prime?
False
Is 141765526718 composite?
True
Is 14034768887 a composite number?
True
Is 3684085 a prime number?
False
Is 662665099 prime?
True
Is 66435422243 a prime number?
True
Is 11879090863 composite?
True
Is 104262167473 a composite number?
False
Is 158139791 a composite number?
True
Is 738581741 a composite number?
False
Is 2579230099 a prime number?
True
Is 57392033 a prime number?
False
Is 2772984569 composite?
True
Is 12451317029 prime?
True
Is 1738555939 a composite number?
False
Is 1080390691 composite?
False
Is 128733191 composite?
False
Is 840749737 a prime number?
True
Is 8069639843 prime?
True
Is 1090409653 prime?
True
Is 40807702849 a composite number?
False
Is 1653033173 composite?
True
Is 9653546633 composite?
False
Is 9765549401 a prime number?
True
Is 54964804801 a prime number?
True
Is 16263631199 prime?
False
Is 2226290429 a composite number?
True
Is 79900469981 a composite number?
True
Is 1130480159 prime?
False
Is 19037001779 a prime number?
False
Is 761046281 a composite number?
True
Is 1866498703 prime?
False
Is 10844348101 a composite number?
True
Is 35965960951 a composite number?
False
Is 17175311059 prime?
True
Is 130947584213 a prime number?
True
Is 6021802921 composite?
False
Is 168625577 prime?
False
Is 2360627723 a prime number?
False
Is 2044710417 a composite number?
True
Is 158581585271 prime?
True
Is 159045379 prime?
False
Is 32017911829 a prime number?
False
Is 516682379 composite?
False
Is 1650454727 composite?
True
Is 337435696127 a composite number?
False
Is 1886750477 a composite number?
True
Is 28152751351 composite?
False
Is 90989653 prime?
True
Is 360822737 prime?
False
Is 521673907 prime?
False
Is 9751973171 prime?
False
Is 3482309959 prime?
True
Is 4897044799 composite?
False
Is 31620145199 composite?
False
Is 396848623 composite?
True
Is 163196640211 a composite number?
True
Is 20683347299 a composite number?
False
Is 315116171 prime?
False
Is 947559737 composite?
True
Is 57215146169 prime?
False
Is 36753460759 composite?
True
Is 1442630561 a composite number?
True
Is 129048107 prime?
False
Is 8199684401 a composite number?
False
Is 41322217 a prime number?
True
Is 8313460717 prime?
False
Is 10953186009 a prime number?
False
Is 11327524921 a composite number?
False
Is 11452046389 a composite number?
True
Is 1016509829 a composite number?
True
Is 10639477111 prime?
True
Is 2158261429 a prime number?
